igit of l?
7
Suppose x + 2867 = 2*b - 830, 2*x = 2*b - 3702. What is the thousands digit of b?
1
Let t(r) = r**2 + r + 38. Let w be t(0). Let o = 80 - w. What is the units digit of o?
2
Let z = 2200 + -1264. What is the hundreds digit of z?
9
Let i be 2 - (-5 - 5/1). Suppose 3*g - 402 = i. What is the hundreds digit of g?
1
Let k = -3085 - -7901. What is the hundreds digit of k?
8
Let y = -102 - -226. What is the tens digit of y?
2
Suppose 0*p = -6*p - p. Suppose p = 2*b + 6, 2*b + 130 = 3*o - 38. What is the tens digit of o?
5
Let a(z) = 36*z**2 + 3. Let d be a(2). Let b = -65 + d. What is the tens digit of b?
8
Suppose -3*f - y = f - 17, 5*y + 25 = 2*f. Suppose 3*j = -2*g + 13, -3*g + 5 = -f*j - 5. What is the units digit of g?
5
Let b(i) be the third derivative of 7/6*i**3 + 0 + 1/6*i**4 + 7*i**2 + 0*i. What is the tens digit of b(10)?
4
Let d(n) = -13*n + 50. What is the units digit of d(-5)?
5
Let u = 1621 + -1383. What is the units digit of u?
8
Suppose 9*c - 2005 = 4*c. Suppose c = -v + 2*v. What is the tens digit of v/13 + (-6)/(-39)?
3
Let y = 595 - 126. Suppose 10*i - y = 291. What is the tens digit of i?
7
Suppose 4*j + 4*i = 2128, -j + 526 = 10*i - 7*i. What is the tens digit of j?
3
Let u = 180 + 384. What is the units digit of u?
4
Let s(d) = 4*d**3 + 3. Let q(o) = 9*o**3 + o + 7. Let w(y) = -3*q(y) + 7*s(y). What is the tens digit of w(4)?
5
Let l(p) = -p**3 - 9*p**2 + p + 6. Let j be l(-9). What is the units digit of (-3 - -90)/j*3/(-3)?
9
Suppose 4*c = -4*v + 424, -3*c - 2*v - 3*v + 320 = 0. Suppose 0 = -0*y + 3*y - 2*h + 130, 3*y + 3*h + c = 0. What is the units digit of 8 + (y/5)/(-4)?
0
Let c = -19 + 23. Suppose v - d = 3*v - 7, -6 = 3*v - c*d. Suppose v*w + 7 = 81. What is the tens digit of w?
3
Let z(u) = -8*u + 24. Let q be z(0). Let n(x) = x**3 - 8*x**2 + 8*x - 7. Let t be n(7). Suppose t*r = -r + q. What is the units digit of r?
4
Suppose -3*o - 1022 = -5*r, -3*r - 3*o + 676 - 82 = 0. Suppose 63 = 5*l - r. What is the tens digit of l?
5
Suppose 5*r + 3675 = 5*y, r = 3*y - 1377 - 838. What is the units digit of y?
0
Let t(r) be the third derivative of 0*r + 0 + 0*r**3 - 1/120*r**6 - 1/2*r**4 - 4*r**2 - 1/6*r**5. What is the tens digit of t(-9)?
2
Suppose 0 = -4*r + 4*c + 540, -208 = -2*r - 2*c + 70. What is the tens digit of r?
3
Suppose w + 45 = 2*h, 0 = h - 3*h - 3*w + 65. Suppose 0*q - h = q. Let m = -4 - q. What is the units digit of m?
1
Suppose 5*q - 215 = -690. Let g = 44 + q. Let r = 7 - g. What is the units digit of r?
8
Let y(v) = v**2 + 11*v + 20. What is the hundreds digit of y(-28)?
4
Let s = -67 - -37. Let r be (-86)/(-10) + (-12)/s. Suppose 5*y - 21 - 14 = 5*n, -y - n + r = 0. What is the units digit of y?
8
Let p be 172/((0 - -4)/2). Let f = p + -35. What is the units digit of f?
1
Let g(x) = 25*x - 26. Suppose 3*v - 24 = -3*m, 3*v - 3*m - 16 = -2*m. What is the units digit of g(v)?
4
Let p(d) = 15*d**2 + 2*d - 1. Let z(c) = -c**3 + 15*c**2 + 2*c - 1. Let i(q) = 3*p(q) - 2*z(q). What is the units digit of i(-6)?
5
Let s = 234 + 198. What is the tens digit of s?
3
Let k(q) = -q**2 - q - 1. Let d(j) = -j**3 - 14*j**2 - 17*j + 11. Let x(c) = -d(c) - 5*k(c). What is the tens digit of x(-17)?
9
What is the hundreds digit of (378/7)/(-9) + 1357?
3
Let n = 1110 - -104. What is the tens digit of n?
1
Let g(r) = 7*r**2 - 23*r + 7. Let n(t) = 2*t**2 - 6*t + 2. Let u(y) = -6*g(y) + 22*n(y). Let s be ((-12)/9)/((-1)/(-3)). What is the units digit of u(s)?
0
Suppose 0 = 10*w - 11*w + 98. Let q = w - 69. What is the units digit of q?
9
Let c(x) = 3*x**2 - 30*x + 13. Let j be (10/(-4) - -2)/(3/(-72)). What is the tens digit of c(j)?
8
Suppose 7*z - 5667 = 3*z - m, -3*m = -4*z + 5655. What is the hundreds digit of z?
4
Let c be (-1)/((-2644)/(-17524) + 4/(-26)). Suppose 0 = 3*u - 4*r - 242, -2*r = 5*u - c - 49. What is the units digit of u?
8
Let q(a) = 47*a**2 - 34*a - 336. What is the thousands digit of q(-8)?
2
Suppose a - 218 - 72 = 0. Suppose -3*k - a = -8*k. What is the units digit of k?
8
Let j(d) = 2*d**2 + 11*d - 15. Let i(v) = v**2 + 5*v - 7. Let u(n) = -9*i(n) + 4*j(n). Let k be u(4). Let w = 29 + k. What is the tens digit of w?
1
Suppose -9 = -0*n - 3*n. Suppose -n*f = 2*y - 261 + 70, -f + 94 = y. Let j = y + -64. What is the units digit of j?
7
Let x(q) = 9*q**2 + q + 3. Let b(t) = 17*t**2 + t + 5. Let h(d) = 4*b(d) - 7*x(d). What is the tens digit of h(-2)?
2
Let r(a) = a**2 - 6*a + 26. What is the units digit of r(34)?
8
Let n(p) = 3*p**2 + 14*p + 9. What is the tens digit of n(-9)?
2
Let c = 31 + -31. Suppose 4*a + c*a = 0. Suppose 5*t - b = 266, -2*t + 101 = -a*b + 5*b. What is the units digit of t?
3
Let f(i) = 2*i**3 + 3*i**2 + 4*i + 2. Let u be f(-2). Let a = -4 - u. Suppose -j + 2 = -a. What is the units digit of j?
8
Let o(r) = -3 - 7 - 9*r - r**3 + 5*r**2 + 9*r. What is the units digit of o(3)?
8
What is the tens digit of (-41)/(-3)*(-3 - 24/(-4))?
4
What is the units digit of 19/57 + (-269)/(-3)?
0
What is the units digit of (3 - 2)/((-4)/648*-2)?
1
Let a = 102 - 101. Let g(d) = 246*d**2 + 2. What is the units digit of g(a)?
8
Suppose -3*v - 11 = -4*d, v - 3*d = -5*d + 13. Suppose m - 128 = -v*m. What is the tens digit of m?
3
Let s(i) = i**2 + 3*i + 1. Let h be s(12). Suppose -y + 2*g = -h, 0 = -2*y - 2*g + 89 + 267. What is the hundreds digit of y?
1
Let r(h) = 5*h + 7. Let v(i) = i**3 + 7*i**2 + 6*i + 9. Let d be v(-6). Suppose -84 = 2*y - d*y. What is the tens digit of r(y)?
6
Suppose -5*o + 4*q + 311 = -73, -q + 4 = 0. Suppose 18 = -0*c + 4*c + 2*h, 0 = c + h - 5. Suppose 9*n = c*n + o. What is the units digit of n?
6
Let g be 56 + (14 - 4 - 5). Let n = 74 - g. What is the units digit of n?
3
Let d be (-3*1)/((-30)/20). Suppose 4*c - 243 = 2*c - 5*l, -d*c + 246 = 2*l. What is the tens digit of c?
2
Let h(l) = 18*l**2 + 6*l + 2. Suppose 5*r - 15 = 5*b, -5*r + 0*b - 1 = -b. What is the tens digit of h(r)?
1
Let m(j) = -j**2 - 7*j + 10. Let q be m(-8). Let b be ((-63)/(-4))/(q/8). Suppose y - 132 = -5*o + 5*y, -3*y = 3*o - b. What is the units digit of o?
4
Suppose 2469 = 3*a - 1011. Suppose 64 = i - 3*q - 240, -4*i - 2*q = -a. What is the tens digit of i?
9
Let v = -17 + 9. Let m be 1/((18/v)/9). Let w = m - -23. What is the units digit of w?
9
Let i(c) = c**2 - 19*c - 33. What is the hundreds digit of i(-17)?
5
Suppose 0 = -3*h - 4*i + 5898, 5*h + 5*i = 2*h + 5895. What is the units digit of h?
0
Let b = 4833 - 3348. What is the hundreds digit of b?
4
Suppose 9 = -g + 32. Let n be -6 + 0 + (g - 21). What is the tens digit of (-9)/(-18) + (-146)/n?
3
Suppose 0 = 4*g - 7*g + 9, -5*d + 2819 = -2*g. What is the hundreds digit of d?
5
Suppose 12 = -3*v - 6*t + 2*t, -5*v + 5*t = -15. Suppose v = -s + 4*h + 23, 4*s - 2*h = 2*s + 40. What is the units digit of s?
9
Let a = -95 - -97. Let i = -1 + 4. Suppose 4*z + p + 31 = 131, -i*z + 64 = -a*p. What is the tens digit of z?
2
Suppose 0 = -5*l - 1284 + 5814. Suppose -3*z = 3*z - l. Suppose 36 = r - 5*d, 5*r = 4*d + 8 + z. What is the units digit of r?
1
Suppose -t - 1 = 0, -2*y + 3*t = y - 2409. What is the hundreds digit of y?
8
Let n = -126 + 176. Suppose 0*o = 6*o - 300. Suppose -2*z + n = -o. What is the tens digit of z?
5
Let f be -16*(-4)/(9 - 1). Let o = f - 16. What is the units digit of -14*(-2 - 12/o)?
7
Suppose -h + 4 = 0, 3*x - 3*h - 16 = -x. Suppose -m + 3*q - x*q + 87 = 0, -4*q + 174 = 2*m. What is the tens digit of m?
8
Let t be ((-3)/2)/((-3)/(-4)). Let x = 5 + t. Let s = x + 16. What is the tens digit of s?
1
Let o = 493 - 344. Let n = -84 + o. What is the units digit of n?
5
Suppose 0 = -2*b - 4, 252*o = 247*o - 4*b + 2762. What is the tens digit of o?
5
Let x(w) be the third derivative of w**5/30 + 10*w**3/3 + 36*w**2. What is the units digit of x(6)?
2
Suppose -2*j + 5*v - 393 = 0, -159 - 25 = j - 5*v. Let m = 333 + j. What is the hundreds digit of m?
1
Let z be (-4)/(-22) - 13/11. Suppose 5*t = -5*w + 20, t + 3*t - 17 = -5*w. What is the units digit of z/t - 112/(-3)?
7
Let q be (-2 - -41 - 3)/1. Suppose -q = -3*i - i. What is the units digit of i?
9
Let h be 0 + -3 + -1 - (-13 + 2). What is the tens digit of 1542/(h + -1) + 1 + -5?
5
What is the units digit of (4768/12)/(8/324*9)?
8
Let a(r) = r**3 + 15 - 3 + 11*r - 4 - 1 + 1